w = 8 + -3. Suppose 3*d + 928 = 2*u, w*d = -5*u + 968 + 1352. What is the tens digit of u?
6
Suppose -165720 + 274794 + 1900815 = 63*a. What is the units digit of a?
3
Suppose -17 = -0*z - 3*z - 2*w, 5 = 2*z - 5*w. Suppose -i - a + 608 = -0*i, -z*a - 3060 = -5*i. What is the hundreds digit of i?
6
Let f(z) = 3*z + 4. Let s be f(-1). What is the hundreds digit of ((-1)/s)/(1/(-237))?
2
Let v be (17 - 37)*1/(-5). Suppose -4*g + 1397 = 4*w - 431, 0 = 3*g + v*w - 1369. What is the units digit of g?
9
Suppose -3*p + m + 9032 = 0, 3014 = 587*p - 586*p - m. What is the tens digit of p?
0
Let q(y) = y**2 + 15*y + 11. Suppose 0 = x - 5, -2*x + 6*x = -2*p + 176. Suppose 2*g - 32 = -p. What is the units digit of q(g)?
5
Let x(z) = z**2 + 3*z. Let m(k) = 35*k**2 + 4*k - 2. Let o(h) = m(h) - x(h). What is the units digit of o(2)?
6
Suppose -9*g - 60 = -24*g. Suppose 0 = j - 3 - g. Suppose 33 + j = 4*z. What is the tens digit of z?
1
Let q(u) = -40*u**3 - 2*u**2 - 2*u + 1. Let s be q(-2). Suppose 2*l = s - 79. Let k = 32 + l. What is the hundreds digit of k?
1
Suppose 8*j + j = 54. Let r(i) = 25*i**2 + 10*i - 73. What is the hundreds digit of r(j)?
8
Let h be 2342/(-10) - (-5)/25. Let a be (22/(-12))/(-1) + (-39)/h. Suppose -a*s + 4*s = 88. What is the units digit of s?
4
Let d(n) be the first derivative of -n**4/4 + 13*n**3/3 - 12*n + 25. What is the units digit of d(9)?
2
Suppose 0 = -d - 4*m + 1914, -9642 = -5*d + 3*m + m. Suppose 24*l + d = 14166. What is the units digit of l?
0
Suppose -75 + 69 = -z, 0 = j + 2*z - 5091. What is the hundreds digit of j?
0
Let m be 2/5*(-4 + 6 + 3). Let w be m + (-2 - 4) - -39. Let u = w - 17. What is the tens digit of u?
1
Let m(f) = -1305*f - 5707. What is the hundreds digit of m(-11)?
6
Let u be -6 + (-4 - 86)/(-3). Let i(p) = p**2 - 17*p + 20. What is the hundreds digit of i(u)?
1
Let d(f) be the second derivative of 7*f**4/6 - 8*f**3/3 - 7*f**2/2 - 10*f + 7. What is the tens digit of d(5)?
6
Let p(v) = -28328*v + 1947. What is the units digit of p(-2)?
3
Let v = -14992 + 32511. What is the units digit of v?
9
Let x(h) = 3463*h + 4285. What is the hundreds digit of x(2)?
2
Let i(x) = 4*x + 25. Let h be i(-6). Let p be -5*-33*h/5. What is the tens digit of 2156/p + (-1)/3?
6
Let k(m) = 29*m**2 - 26*m - 401. What is the tens digit of k(-10)?
5
Let n(h) = 5*h - 9. Let k(w) = -1. Let j(s) = k(s) + n(s). Let q be j(9). What is the units digit of (-1233)/(-15) + (-7)/q?
2
Suppose -3*y + 1045 + 320 = 0. Suppose 4*p = 3*d - 0*p - 269, -5*d + 5*p + y = 0. What is the units digit of d?
5
Let u be (-2880)/10*(-33)/6. Suppose -10*z = 8*z - u. What is the units digit of z?
8
Let s(i) = i**3 + i**2 - 15*i - 35. Let k = -158 - -166. What is the hundreds digit of s(k)?
4
Suppose c = 2*q + 9822, -4*q - 5979 = -3*c + 23487. What is the tens digit of c?
2
Suppose c - 2*x = 19, 0 = 2*c + 3*c + 5*x - 20. Suppose 3*z = m - 44, -2*m + 107 = 4*z + c. What is the units digit of m?
7
Let a(n) = 412*n**2 - 5*n + 23. What is the thousands digit of a(-6)?
4
Suppose -i = 2*i - 90. Suppose -2*d - 2*d = -21*d. Suppose d = -5*j + 2*j + i. What is the units digit of j?
0
Let f = 9254 + 11840. What is the hundreds digit of f?
0
Let d(o) = -7*o**2 + 15*o - 11. Let b(m) = -13*m**2 + 30*m - 23. Let j = -39 - -28. Let y(x) = j*d(x) + 6*b(x). What is the tens digit of y(12)?
1
Suppose -4*j + 31 = 11, j - 3 = -2*v. What is the units digit of (v - 1 - -6)*(-837)/(-12)?
9
Let f(c) = -c**3 + 46*c**2 + 8*c + 71. What is the thousands digit of f(40)?
9
Let n = -310 + 907. Suppose -10*q = -4*q - 18. Suppose p + 248 = t + 53, -q*t - p + n = 0. What is the tens digit of t?
9
Suppose 22*t + 4*u - 37108 = 17*t, -5*u = -t + 7410. What is the hundreds digit of t?
4
What is the tens digit of ((2*14)/(-2))/(8*(-10)/50200)?
8
Let i(g) = 42*g**3 - g**2 - g + 1. Let n be i(1). Suppose -39*y = -n*y. Suppose y = 4*v + 125 - 981. What is the tens digit of v?
1
Suppose 9*b = 7*b + 636. Suppose 2*c + n = 3*n - 358, -5*c - 891 = -4*n. Let p = b + c. What is the units digit of p?
3
Let k = 734 - 726. Suppose 11*d + 5*a = k*d + 1580, -5*a - 1070 = -2*d. What is the units digit of d?
0
Let t(j) = 32*j - 142. Let z be t(9). Let r(v) = -15*v - 4. Let m be r(6). Let a = m + z. What is the units digit of a?
2
What is the units digit of 77/(-14)*(-17970 + 32)?
9
Let g = -72136 + 109799. What is the units digit of g?
3
Let j(w) = 5*w - 13. Let c be j(4). Suppose 0*t = -c*t + 294. What is the tens digit of ((-63)/t)/(3/(-64))?
3
Let g be 4/(2/1) - 2. Suppose g = o - 3*o. Suppose 2*c - 28 = -p + 28, 5*c - 5*p - 140 = o. What is the units digit of c?
8
Let l(p) = p**2 + 36*p - 88. Let y be l(-39). What is the hundreds digit of 0 - -385 - (-25 + y)?
3
Let v(i) = -65*i - 32. Let s(a) = -456*a - 225. Let z(y) = 4*s(y) - 27*v(y). Let d be z(-5). Let m = d - 178. What is the units digit of m?
1
Suppose 1076128 = 77*r - 362078. What is the thousands digit of r?
8
Suppose 173069 + 246117 = 34*w. What is the units digit of w?
9
Suppose 6 - 15 = o. Let g be -1*(-3)/o*(1 - -110). What is the hundreds digit of 12*(3/(-12) + 0)*g?
1
Let b(x) = 2*x**3 + 77*x**2 - 35*x - 101. What is the thousands digit of b(-37)?
5
Suppose 0 = -83*h + 85*h + 6170. Let y = -1598 - h. What is the thousands digit of y?
1
Let t = 925 - 1380. Let n = t - -1442. What is the units digit of n?
7
Let z(s) be the first derivative of -s**4 - 11*s**3/3 + 3*s**2/2 + 9*s + 54. What is the tens digit of z(-6)?
5
Suppose -5*k + 173 - 133 = 0. What is the units digit of (-2)/(7/((-5292)/k))?
9
Suppose 754*x - 11659475 = 5398267. What is the ten thousands digit of x?
2
Let w be (9 + 3/(-1))*(-112)/(-42). Suppose -w*o = -41*o + 7950. What is the units digit of o?
8
Let r = -416 - -434. Suppose r*v - 2*v - 6816 = 0. What is the tens digit of v?
2
Let p = 3337 - 4754. Let s = -916 - p. What is the hundreds digit of s?
5
Let y(f) = 101*f + 4. Let l be y(4). What is the hundreds digit of ((-86)/3)/(2 - 832/l)?
7
Suppose 5002 = -5*z + 2*d, -2*d + 4*d + 2012 = -2*z. What is the units digit of (-1)/(((-6)/z)/(-1))?
7
Let d = -27 - -27. Suppose 0 = -d*u + 5*u. Suppose u*z + z = 58. What is the tens digit of z?
5
Let f(t) = -24*t + 2. Suppose 2*y - 1 = 5. Suppose 4*a = -5*r - 34 + 11, -16 = r - y*a. What is the hundreds digit of f(r)?
1
Let q(a) = -3*a**2 - a + 28. Let u be q(0). Let y = u + 559. What is the units digit of y?
7
Let v(j) = 5*j + 20. Let n(p) = p**3 - 17*p**2 - p + 13. Let i be n(17). Let t be v(i). Suppose -5*r + t*r = -140. What is the tens digit of r?
2
Suppose 53 = -a + 57. Suppose -a*r + 99 = -1173. What is the tens digit of r?
1
Let v(x) = -x**3 + 8*x**2 - 10*x. Let h be v(5). Let d be h/15*(-177)/(-1). Suppose -5*o = -d - 15. What is the units digit of o?
2
Let y(a) = a**2 - 3*a - 4 + 11*a - 2*a**2 - 4*a + 9*a. Let c be 2/(-4) - 42/(-4). What is the tens digit of y(c)?
2
Let x(k) = -2*k**3 + 10*k**2 + 5*k - 25. Let v be x(5). Suppose u - 573 - 634 = v. What is the tens digit of u?
0
Suppose 19 + 16 = y - 2*j, -5*j - 23 = -y. Let q = y - 44. What is the units digit of q - (-4 - (137 + -4))?
6
Let w be 0 - (-1)/(-2)*(-19 + 19). Suppose 7*h - 522 - 297 = w. What is the tens digit of h?
1
Let y(c) = -c**3 - 4*c**2 + 2. Let w(p) = -p**3 - 3*p**2 + 2. Let v(a) = -3*w(a) + 4*y(a). Let b = 41 - 48. What is the units digit of v(b)?
2
Let b(a) = 8*a**2 - a + 26. Let z(i) = -4*i**2 - 13. Let j(v) = 4*b(v) + 7*z(v). Let x be j(4). Let w = 24 + x. What is the units digit of w?
5
What is the hundreds digit of 6495*(-13)/(975/(-30))?
5
Suppose 5*q = g + 3*g - 1438, -2*g - 6 = 0. Let t = -275 - q. What is the units digit of t?
5
Suppose 11*b - 175430 - 101234 + 51868 = 0. What is the units digit of b?
6
Let x = 379 + -377. Suppose 4*k - x*k = 8, -6*j + 3968 = -4*k. What is the hundreds digit of j?
6
Let d = 17691 - 3503. What is the units digit of d?
8
Suppose -8*x = -5847 - 18153. What is the hundreds digit of x?
0
Suppose -16*o - 2*z = -21*o + 5110, 1030 = o - 2*z. What is the hundreds digit of (-945)/10*o/(-119)?
8
Let b = 2588 + -1212. Let d be (-7)/(105/(-48))*(-35 + 0). What is the units digit of (-4)/14 - b/d?
2
Let o be (-32)/(-208) - 100/(-26). What is the units digit of 6929/13 - 5/(5/o)?
9
Suppose -m + 907 = 2*g, -m = g + m - 